 (-11 - (3 - 46) - 22).
0
-1 + (-8 - 0) + (156 + 123 - 239)
31
-5 + (-15 + 15 + -36 - -1) + 17
-23
What is the value of -57 + (-1 - 5) + (-7 + 27 + 6 - 20)?
-57
Calculate (12 + -53 - -18) + -11 + 21 + -3.
-16
What is 428 + -422 + (4 - (7 + -4) - (42 - 2))?
-33
Calculate -41 - (-50 + 39 + 1).
-31
-28 + (20 + 7 + -8 - (127 - 112))
-24
-30 - (-38 + -6 + -27)
41
Calculate (-115 - -93) + 19 - (14 - (1 + (0 - -1))).
-15
Evaluate -13 + 4 - 8 - (0 + 35 - 20).
-32
Evaluate (-8 - (36 + -48)) + -44.
-40
What is the value of -20 + 5 + 7 + -6 + -322 + 313?
-23
-1 + 20 + -3 + (-160 - -142) + -54
-56
Calculate (5 + -1 - -2) + (-135 - (-8 + (-10 - -11))).
-122
54 + 8 + (-8 - (-1 - 8)) + -14 + 5
54
Calculate 6 - (-1 - (2 + (-7 - -3))) - (-537 - -598).
-56
(-1 - -5) + -18 + (-46 - (-42 - 0))
-18
What is the value of 60 + 10 + (6 - ((-1 - 12) + -117 + 124))?
82
-7 - (89 - 90 - (-1 - 34) - 9)
-32
What is the value of -200 + 3 + 144 + 90?
37
(5401 - 5404) + (1 - -23)
21
Calculate 1819 - 1829 - (15 + (0 - 1)).
-24
Calculate -30 - ((-4 - -10) + (-43 + 41 - (1 - -1))).
-32
Calculate 1 + 2 + -1 - -6 - (17 - (-445 - -536)).
82
Calculate 103 + -202 + 103 - 88.
-84
-48 - -1 - -13 - (-8 - -17) - -5
-38
Calculate (-34 - -26) + 11 - (0 + 0 + (-106 - -5)).
104
Evaluate 0 + 13 + 14 - (-4 + 1 + 1).
29
Calculate 65 - ((10 - 6) + 5 + -6 + -5).
67
What is the value of -46 + -1 + (677 + -671 - (7 - 1))?
-47
(38 - (-2 + -6)) + (19 - 23) + 21
63
Calculate 2 + -5 - -15 - (-62 + -31 + 97).
8
84 + -93 + 67 + -110
-52
What is -64 + (-1527 - -1500 - (1 - 23))?
-69
136 - (158 + -30) - ((82 - 3) + 1 + 0)
-72
What is (8 - (-7 - (13 + -26))) + -7 - 19?
-24
Calculate 146 - 75 - (16 - 4).
59
What is 13 - 2 - ((-28 - -20) + (0 - (-4 - 79)))?
-64
What is -103 + (-6 + 7 - 3) - (-177 + 171)?
-99
What is the value of -11 - (2 - (-5 + 20 + -4 - (-8 - -18)))?
-12
What is (237 - 206) + (-2 - (0 + 6))?
23
What is -14 + 3 - (83 - (-31 - -117))?
-8
What is the value of 107 - (72 + 52 - 83)?
66
What is the value of -114 + (-38 + 99 - 20)?
-73
What is the value of (0 - -2 - -11) + (24 - (-15 - -42)) + 6?
16
What is 76 - (-2 - (2 + -14) - (187 + -194))?
59
Calculate 15 + -37 - 13 - (9 + -1 + -1).
-42
What is the value of 1 + 128 - (-30 + -18 + 30 + 51 - 20)?
116
Calculate (-23 - (6 - 30)) + 21 - (-13 - -2).
33
5 + -8 + -11 - (-14 + -37)
37
175 - (30 + -26 + -16 + 55)
132
What is the value of -16 + (-170 - -72) - -40?
-74
Evaluate 124 + -156 + -8 + (2 - -113).
75
What is -13 + (-44 + -13 - -100)?
30
Calculate 63 + -52 + (5 - -19).
35
What is the value of -15 + 2 + 51 + -65 + 93?
66
Evaluate 43 + (-50 - (-48 + 48)).
-7
Calculate 282 - 72 - 222 - ((0 - -39) + 2 + -3).
-50
(7 - ((1 - -5) + 1)) + 92 + 100 + -114
78
What is the value of 3 + (-2 - -1 - -6) + 3 + -4?
7
What is 51 + (-8 - 2) + (201 + -214 - (2 - 2))?
28
What is -135 + 111 + -6 + 120 - 23?
67
What is the value of (32 - (-7 + 9)) + (-6 - (-24 - -8))?
40
Evaluate -55 - (-2 + 34 + -50).
-37
What is the value of 22 + 10 + 17 + -16 - (3 + -8 - -15)?
23
What is -11 + -1 + (-33 - (-54 + (-8 - 27)))?
44
Evaluate -42 - (74 - (88 - -10)).
-18
(0 - (42 - 16)) + 18 + 0
-8
What is the value of 43 + (163 + -73 - 82)?
51
(-3 - 19) + (654 - 669)
-37
29 - (72 + 9 + (-8 - -7))
-51
10 - (-8 - -7 - -2) - (-82 + 20)
71
12 + -9 + -7 - (2 - 10 - 48)
52
Evaluate -35 + (-1 - (11 + 3)) + -11.
-61
Evaluate -14 + (-43 - -61) + 41.
45
What is the value of -3 + (51 - (58 - 44 - (5 - -4)))?
43
What is the value of (38 - 1 - (-2093 + 2134)) + (1 - (-12 + 2))?
7
Evaluate -1 + 3 + -44 - (108 + -139 - -22).
-33
What is the value of (1074 - 1025) + (-40 - 2) - -19?
26
What is the value of (-224 - -179) + (13 - 2 - (45 - 46))?
-33
Evaluate 1 + 7 - (-22 - (16 - 1)) - 16.
29
What is 1 - 25 - ((-129 - -7) + 136)?
-38
What is the value of (54 - 81) + 44 - -21?
38
What is the value of (5 - (-9 - 3) - (-107 - -117)) + 3 + -49?
-39
What is 20 + 1 + 3 + 2 + 8 - 20?
14
What is 12 - (9 - (5 - (8 - (-4 - -3))))?
-1
Calculate 58 - ((21 - -6) + -1 + -23).
55
What is 118 - ((-7 + -11 + 7 + 3 - 1) + 5)?
122
Evaluate (8 - 6) + (-2 - 7) + -74 - (34 - 22).
-93
Calculate 65 - (81 + (3 - 27)).
8
-5 + (1 - 1) + -4 + (35 - (-16 - -11))
31
What is 131 - ((0 - (4 - 3) - 0) + (-107 - -111))?
128
Calculate (1 - 25) + (-1732 - -1724).
-32
Calculate -169 + (-11 + 49 - (19 + 3)) - (-14 + -1).
-138
Calculate (-7 - (-3 + (0 - (4 - -78) - 4))) + -2.
80
Calculate 19 - (-152 + 113 - (-183 + 8)).
-117
Calculate -14 - (3 + 2 - 10 - (2 - 10)).
-17
What is the value of 1 - 2 - 2 - (-93 + 86 - -43)?
-39
What is 5 + (-40 + 17 - -16) + -3 + -42?
-47
-19 - (-3 - (-9 + -16 + 10))
-31
What is -52 + 143 + -51 + 6?
46
What is the value of 0 + 57 - (-202 + 174 - -3)?
82
Calculate -38 - ((-5 - -16) + 8 + -5) - -12.
-40
What is the value of (41 - 0 - (-2252 - -2295)) + 34?
32
Evaluate 151 - (-69 + 109 - -83).
28
33 + (-4 + 13 - 46)
-4
-2 + (-9 - (-2 + -56 + -1)) + 3
51
116 + -212 - -128 - (-22 - 1)
55
Evaluate -3871 + 3912 - (-2 - 16 - 0).
59
Evaluate 1 + (20 - -26) + -19 + -23.
5
Calculate 177 + -201 + 23 + (-1 - 7).
-9
Calculate 28 + (-33 + 28 - (18 - -4)).
1
What is (-52 - (-9 + 1)) + 29 + (57 - -4)?
46
Calculate (-39 - (-11 - 25 - -23)) + 164.
138
Calculate -19 - (2 - (0 + -15) - (55 + (-31 - 17))).
-29
Evaluate (-89 - -81 - -79) + (-24 - 4).
43
Evaluate 35 + (1 - -1) + -27 + -37 + 72 - 9.
36
What is -13 - (13 - 30) - (-26 - -67)?
-37
Calculate 2 + -5 + 23 - (80 + -36 + -62).
38
What is 36 - (62 + 3 + 182 + -167)?
-44
Calculate 62 + -48 + 39 + -18.
35
What is the value of -209 + 189 - (4 + -16 + 1 + 1)?
-10
Evaluate 26 + -29 + 37 + (-12 - 0).
22
71 + (30 - 13) + -67
21
What is the value of (10 - -38) + -7 + -38?
3
-7 + 131 + -223 + 149
50
What is the value of -16 - (30 + (-84 - -14))?
24
What is the value of (1 + -15 - (-129 + 114)) + (-4 - -8 - 21)?
-16
What is (51 + 2 - (270 + -232)) + -61 + (2 - 3)?
-47
What is -59 + 1 - (1075 - 1195)?
62
Evaluate 1 + -8 + -2 + 1 - (410 + -421).
3
Calculate -10 - 19 - (33 - (22 - 23)).
-63
-68 - (28 + 25) - -117
-4
Calculate -75 - ((-2 - 24) + -576 + 573).
-46
-3 + (-43 - 1) + (-19 - 8) + 14
-60
(-11022 - -11044) + -11 + (0 - 0)
11
3 - -1 - ((-5 - (-33 + (22 - 10))) + 75)
-87
Calculate -1 - -48 - (-125 + 150).
22
What is the value of 3662 - 3678 - (-43 + 2)?
25
Evaluate -11 - (11 + -22) - (-7 + 0 + 15 + -35).
27
Evaluate -2 + 10 + (-27 - (-58 + -17 + -12)).
68
Evaluate 25 - -2 - (-6009 - -5972).
64
(0 - (-15 - -26 - 14)) + -57 + -4 + -3
-61
-119 + (2 - 10 - (-17 + -40))
-70
Evaluate 251 + -254 + 1 + 2 + (-44 - -39) + 111.
106
Calculate -3 + 12 + 3 + (-11 + 13 - 7) + 34.
41
What is -102 + (-1 - -1) + -4 + -28 + 46?
-88
-49 + -3 + (-312 - -311)
-53
17 - (149 - 1 - ((-44 - 10) + 63))
-122
What is the value of -1 - -22 - ((16 + -9 - 6 - -5) + -6)?
21
Evaluate -1800 + 1941 + -40 + 2 + -1.
102
Evaluate (-11 - -26) + -90 + 108.
33
Evaluate (121 - -1) + (9281 - 9326).
77
What is the value of -9 + 4 + 53 + -42 - (4 + -2 + 8)?
-4
Calculate (-1 - -1 - -9) + 45 + -13.
41
(-77 + 21 + -11 - -17) + (0 - 0)
-50
What is the value of -61 + (-20 - (-8 + -50 + 19))?
-42
3 + 2 - ((-1 - 79) + (11 - (6 - 9)))
71
What is the value of -1 - 0 - (64 + -56) - 10?
-19
What is (-12 - (-1 + -2) - (-45 + 50 + 25)) + 9?
-30
What is the value of -4 + (0 + 12 - (13 + -61 + 31))?
25
What is the value of 533 + -464 + 3 + -1 + 8?
79
What is (112 + 6 - (1 + 4)) + -234 + 220?
99
Calculate 51 + 2660 + -2656 + (-5 - -3) + 0 + -13.
40
What is 17 - ((-50 - -94) + -56)?
29
What is 0 + 61 + (1031 - 1019)?
73
What is 10 - (3 + 1 + 0 + 1 + -190 + 177)?
18
What is the value of -54063 + 54055 - (-1 - (2 - (0 - -2) - 85))?
-92
What is (-9 - -1) + 37 + -83 + 35 - -69?
50
Evaluate 10 + (15 - (-8 - -10) - (21 + 14)).
-12
What is the value of 2 - (14 + 2 - (6 - (7 - -3)))?
-18
What is -90 + (13 - -12) - -28?
-37
Calculate -9 + (7 + (1 - 0) + 39 + 7 - 9).
36
Evaluate -64 + 404 + -335 - (-44 + 1).
48
What is -13 - (-15 + 50 + -28) - 57?
-77
Evaluate -28 - ((45 - 66) + 52).
-59
7 + (5 - (-2 + (5 - (14 + -10) - 42)))
55
Calculate (11 + -27 - (28 + -18 + -5)) + 109.
88
(-1 - 12) + (19 - 18) - (-290 - -291)
-13
Calculate -47 - ((-36 - -57) + (-13 - -1)).
-56
What is (-4 - (5 + -5)) + -2 + -23 + 30?
1
What is the value of (-3 + -6 - (-55 - -45)) + 29